{"id":1342,"date":"2021-01-17T19:26:18","date_gmt":"2021-01-17T19:26:18","guid":{"rendered":"http:\/\/mansmagicas.com\/?page_id=1342"},"modified":"2025-03-06T10:31:08","modified_gmt":"2025-03-06T10:31:08","slug":"terminos-y-condiciones","status":"publish","type":"page","link":"https:\/\/mansmagicas.com\/?page_id=1342","title":{"rendered":"T\u00e9rminos y condiciones"},"content":{"rendered":"\n<h1 class=\"wp-block-heading\" style=\"font-size:24px\">Condiciones de entrega<\/h1>\n\n\n\n<p>Todos los art\u00edculos en nuestra tienda en el momento de elegir sus atributos indican la disponibilidad o no de stock. En el caso de que todos los art\u00edculos del pedido se encuentren en stock y si se ha entrado confirmado y pagado antes de las 14:00 horas haremos todo lo posible porque salga ese mismo d\u00eda.<\/p>\n\n\n\n<p>Si un art\u00edculo no se encuentra en stock informar\u00e1 en todo momento de la fecha estimada que nos facilita cada proveedor y con la que nos comprometemos.<\/p>\n\n\n\n<p>Si el art\u00edculo est\u00e1 personalizado se informar\u00e1 del tiempo en el mismo art\u00edculo en nuestra web.<\/p>\n\n\n\n<p>En caso de que hubiera una incidencia en los tiempos de entrega, ser\u00e1 informada por el servicio de atenci\u00f3n al cliente dando siempre la mejor soluci\u00f3n al cliente y la opci\u00f3n si lo desea de cancelar el pedido.<\/p>\n\n\n\n<p>Vea m\u00e1s detalles en la p\u00e1gina de gastos de env\u00edo.<\/p>\n\n\n\n<h1 class=\"wp-block-heading\" style=\"font-size:24px\">Cancelaciones, Devoluciones y desistimiento&nbsp;<\/h1>\n\n\n\n<h2 class=\"wp-block-heading\" style=\"font-size:24px\">Cancelaci\u00f3n de un pedido<\/h2>\n\n\n\n<p>\u00danicamente se puede cancelar un pedido si este todav\u00eda no ha sido enviado. Para anular un pedido se deber\u00e1 enviar un email a <strong>devoluciones@mansmagicas.com<\/strong> y facilitar la referencia de pedido que se desea cancelar.<\/p>\n\n\n\n<p>La devoluci\u00f3n del importe se realizar\u00e1 por la misma forma de pago elegida en el momento de realizar el pedido.<\/p>\n\n\n\n<h2 class=\"wp-block-heading\" style=\"font-size:24px\">Devoluciones y desistimiento comercial. Derecho de Desistimiento<\/h2>\n\n\n\n<p>El desistimiento es la&nbsp;facultad de un consumidor de un bien para devolverlo al comercio dentro de un plazo legal, sin tener que alegar ni dar ninguna explicaci\u00f3n al respecto ni sufrir una penalizaci\u00f3n.<\/p>\n\n\n\n<p>Seg\u00fan establece la normativa, el consumidor y usuario tendr\u00e1 derecho a DESISTIR del contrato durante un per\u00edodo m\u00e1ximo de 14 d\u00edas naturales sin necesidad de indicar el motivo y sin incurrir en ning\u00fan coste, salvo los previstos en el art. 107.2 y 108 del RD1\/2007, de 16 de noviembre, por el que se aprueba el texto referido de la Ley General para la Defensa de los Consumidores y Usuarios.<\/p>\n\n\n\n<p>Por favor consulte nuestra pol\u00edtica de devoluciones antes de realizar un pedido entrando en nuestra p\u00e1gina de pol\u00edtica de devoluciones.<\/p>\n\n\n\n<h1 class=\"wp-block-heading\" style=\"font-size:24px\">Plataforma de resoluci\u00f3n de conflictos<\/h1>\n\n\n\n<p>Por si puede ser de tu inter\u00e9s, para someter tus reclamaciones puedes utilizar tambi\u00e9n la plataforma de resoluci\u00f3n de litigios que facilita la Comisi\u00f3n Europea y que se encuentra disponible en el siguiente enlace: http:\/\/ec.europa.eu\/consumers\/od<\/p>\n\n\n\n<h1 class=\"wp-block-heading\" style=\"font-size:24px\">Exoneraci\u00f3n de responsabilidades<\/h1>\n\n\n\n<p><strong>mansmagicas.com<\/strong> no asume ninguna responsabilidad derivada del mal uso de los productos adquiridos en nuestro sitio y, en forma m\u00e1s espec\u00edfica, <strong>mansmagicas.com<\/strong> queda exonerado de toda responsabilidad por cualquier riesgo o p\u00e9rdida, de tipo personal o de cualquier otro tipo, que pudiera producirse como consecuencia directa o indirecta del mal uso de cualquier producto adquirido en este sitio web. Esto no aplica a una tara o defecto del producto de f\u00e1brica en cuyo caso&nbsp;<strong>mansmagicas.com<\/strong> tiene la obligaci\u00f3n de subsanar el problema devolviendo el importe o enviando un nuevo producto.<\/p>\n\n\n\n<p><strong>mansmagicas.com<\/strong> no asume ninguna responsabilidad respecto a la decisi\u00f3n de compra de cualquiera de los productos adquiridos, quedando a entero criterio y responsabilidad del cliente esa determinaci\u00f3n.<\/p>\n\n\n\n<p>Este sitio web, tambi\u00e9n contiene enlaces a otros sitios Web que no son operados por <strong>mansmagicas.com<\/strong> (en adelante, los \u00abSitios Relacionados\u00bb). No teniendo ning\u00fan control sobre los Sitios Relacionados y no aceptando, por tanto, ninguna responsabilidad relativa a los mismos ni a ninguna p\u00e9rdida ni ning\u00fan da\u00f1o que puedan producirse por el uso que usted haga de los mismos. Su utilizaci\u00f3n de los Sitios Relacionados estar\u00e1 sujeta a los t\u00e9rminos y condiciones de uso y servicio contenidos en cada uno de dichos sitios Web.<\/p>\n\n\n\n<h1 class=\"wp-block-heading\" style=\"font-size:24px\">Servicio postventa y garant\u00edas<\/h1>\n\n\n\n<p>Por la naturaleza de los art\u00edculos que vendemos no tenemos un servicio postventa como tal, aunque tratamos de solventar todas tus dudas.<\/p>\n\n\n\n<p>Todos los productos tienen la garant\u00eda legal de dos a\u00f1os. En caso de tara o defecto se devolver\u00e1 la totalidad del importe pagado.<\/p>\n\n\n\n<h1 class=\"wp-block-heading\" style=\"font-size:24px\">Servicio de atenci\u00f3n al cliente<\/h1>\n\n\n\n<p>Ante cualquier incidencia en sus pedidos puedes contactarnos de la forma que prefiera:<\/p>\n\n\n\n<ul class=\"wp-block-list\">\n<li>Por tel\u00e9fono llamando al n\u00famero de tel\u00e9fono: <strong>966229181<\/strong>&nbsp;<\/li>\n\n\n\n<li>Por escrito enviando un correo a <strong>cliente@mansmagicas.com<\/strong><\/li>\n<\/ul>\n\n\n\n<p>Para hacer una reclamaci\u00f3n puede elegir entre:<\/p>\n\n\n\n<ul class=\"wp-block-list\">\n<li>Enviar un correo electr\u00f3nico a&nbsp;<strong>cliente@mansmagicas.com <\/strong>indicando en el asunto: RECLAMACI\u00d3N y el n\u00famero de pedido.&nbsp;<\/li>\n\n\n\n<li>Solicitar una hoja de reclamaciones en persona, disponibles en C\/Blas Valero, 2 Elche y llevarse una copia de esta firmada por la persona encargada en cada momento.<\/li>\n<\/ul>\n\n\n\n<h1 class=\"wp-block-heading\" style=\"font-size:24px\">Pol\u00edtica de Protecci\u00f3n de Datos<\/h1>\n\n\n\n<p>La defensa de los datos de los usuarios es de m\u00e1xima prioridad para <strong>Andrea F<\/strong>. <strong>Bellocchio<\/strong> <strong>Pi\u00f1ero<\/strong> responsable de esta web.<\/p>\n\n\n\n<p>Para obtener informaci\u00f3n completa sobre tus derechos y la pol\u00edtica de protecci\u00f3n de datos visita nuestras p\u00e1ginas de&nbsp;Pol\u00edtica de Privacidad y la Pol\u00edtica de cookies<strong>.<\/strong><\/p>\n\n\n\n<h1 class=\"wp-block-heading\" style=\"font-size:24px\">Propiedad intelectual e industrial<\/h1>\n\n\n\n<p>Mediante estas Condiciones Generales no se cede ning\u00fan derecho de propiedad intelectual o industrial sobre el&nbsp;portal de <strong>mansmagicas.com<\/strong> ni sobre  sus elementos integrantes, quedando expresamente prohibidos al Usuario la reproducci\u00f3n, transformaci\u00f3n, distribuci\u00f3n, comunicaci\u00f3n p\u00fablica, puesta a disposici\u00f3n del p\u00fablico, extracci\u00f3n, reutilizaci\u00f3n, reenv\u00edo o la utilizaci\u00f3n de cualquier naturaleza, por cualquier medio o procedimiento, de cualquiera de ellos, salvo en los casos en que est\u00e9 legalmente permitido o sea autorizado por el titular de los correspondientes derechos.<\/p>\n\n\n\n<p>El usuario conoce y acepta que la totalidad del sitio web, conteniendo sin car\u00e1cter exhaustivo los textos, art\u00edculos, las im\u00e1genes, los dise\u00f1os, software, contenidos (incluyendo estructura, selecci\u00f3n, ordenaci\u00f3n y presentaci\u00f3n de los mismos), material audiovisual y gr\u00e1ficos, est\u00e1 protegida por marcas, derechos de autor de <strong>mansmagicas.com<\/strong> y otros derechos leg\u00edtimos registrados, de acuerdo con los tratados internacionales en los que Espa\u00f1a es parte y otros derechos de propiedad y leyes de Espa\u00f1a.<\/p>\n\n\n\n<h1 class=\"wp-block-heading\" style=\"font-size:24px\">Modificaci\u00f3n de las condiciones de uso<\/h1>\n\n\n\n<p><strong>mansmagicas.com<\/strong> se reserva el derecho de modificar, en cualquier momento, la presentaci\u00f3n y configuraci\u00f3n del sitio web, as\u00ed como las presentes Condiciones Generales.<\/p>\n\n\n\n<p>Por ello, <strong>mansmagicas.com <\/strong>recomienda a todos los usuarios leerlas atentamente cada vez que accedan al sitio web. Los contratantes de cualquiera de los servicios ofertados en esta web siempre dispondr\u00e1n de las Condiciones Generales en un sitio visible, libremente accesible para cuantas consultas quieran realizar.<\/p>\n\n\n\n<p>En caso de que cualquier cl\u00e1usula de las presentes Condiciones Generales sea declarada nula, las dem\u00e1s cl\u00e1usulas seguir\u00e1n vigentes y se interpretar\u00e1n teniendo en cuenta la voluntad de las partes y la finalidad misma de las presentes Condiciones Generales.<\/p>\n\n\n\n<p><strong>mansmagicas.com <\/strong>podr\u00e1 no ejercitar alguno de los derechos y facultades conferidos en este documento lo que no implicar\u00e1 en ning\u00fan caso la renuncia a los mismos salvo reconocimiento expreso por parte de <strong>mansmagicas.com<\/strong> o prescripci\u00f3n de la acci\u00f3n que en cada caso corresponda.<\/p>\n\n\n\n<h1 class=\"wp-block-heading\" style=\"font-size:24px\">Ley aplicable y jurisdicci\u00f3n<\/h1>\n\n\n\n<p>Estas Condiciones de Uso se rigen por la ley espa\u00f1ola. Las presentes Condiciones de Uso est\u00e1n sujetas a lo dispuesto a la Ley 7\/1998&nbsp;, de 13 de abril, sobre condiciones generales de la contrataci\u00f3n,&nbsp;al Real Decreto Legislativo 1\/2007,&nbsp;de 16 de noviembre, por el que se aprueba el texto refundido de la Ley General para la Defensa de los Consumidores y Usuarios y otras leyes complementarias,&nbsp;a la&nbsp;Ley 7\/1996, de 15 de enero, de Ordenaci\u00f3n del Comercio Minorista, y a la&nbsp;Ley 34\/2002, de 11 de julio, de servicios de la sociedad de la informaci\u00f3n y de comercio electr\u00f3nico.&nbsp;<\/p>\n\n\n\n<p>De conformidad con el art\u00edculo 29 de la Ley 34\/2002, de 11 de julio, de Servicios de la Sociedad de la Informaci\u00f3n y Comercio Electr\u00f3nico, los contratos celebrados por v\u00eda electr\u00f3nica en los que intervenga como parte un consumidor se presumir\u00e1 celebrados en el lugar en que \u00e9ste tenga su residencia habitual. Por lo que, en caso de controversia que se derive de las presentes condiciones generales y para la resoluci\u00f3n de los conflictos, las partes se someten, a los juzgados y tribunales del domicilio del Usuario.<\/p>\n\n\n\n<p>As\u00ed mismo, los contratos electr\u00f3nicos entre empresarios o profesionales, en defecto de pacto entre las partes, se presumir\u00e1n celebrados en el lugar en que est\u00e9 establecido el prestador de servicios.<\/p>\n","protected":false},"excerpt":{"rendered":"<p>Condiciones de entrega Todos los art\u00edculos en nuestra tienda en el momento de elegir sus atributos indican la disponibilidad o no de stock. En el caso de que todos los art\u00edculos del pedido se encuentren en stock y si se ha entrado confirmado y pagado antes de las 14:00 horas haremos todo lo posible porque [&hellip;]<\/p>\n","protected":false},"author":1,"featured_media":0,"parent":0,"menu_order":0,"comment_status":"closed","ping_status":"closed","template":"","meta":{"_uag_custom_page_level_css":"","site-sidebar-layout":"default","site-content-layout":"default","ast-site-content-layout":"default","site-content-style":"default","site-sidebar-style":"default","ast-global-header-display":"","ast-banner-title-visibility":"","ast-main-header-display":"","ast-hfb-above-header-display":"","ast-hfb-below-header-display":"","ast-hfb-mobile-header-display":"","site-post-title":"","ast-breadcrumbs-content":"","ast-featured-img":"","footer-sml-layout":"","ast-disable-related-posts":"","theme-transparent-header-meta":"disabled","adv-header-id-meta":"","stick-header-meta":"","header-above-stick-meta":"","header-main-stick-meta":"","header-below-stick-meta":"","astra-migrate-meta-layouts":"set","ast-page-background-enabled":"default","ast-page-background-meta":{"desktop":{"background-color":"","background-image":"","background-repeat":"repeat","background-position":"center center","background-size":"auto","background-attachment":"scroll","background-type":"","background-media":"","overlay-type":"","overlay-color":"","overlay-opacity":"","overlay-gradient":""},"tablet":{"background-color":"","background-image":"","background-repeat":"repeat","background-position":"center center","background-size":"auto","background-attachment":"scroll","background-type":"","background-media":"","overlay-type":"","overlay-color":"","overlay-opacity":"","overlay-gradient":""},"mobile":{"background-color":"","background-image":"","background-repeat":"repeat","background-position":"center center","background-size":"auto","background-attachment":"scroll","background-type":"","background-media":"","overlay-type":"","overlay-color":"","overlay-opacity":"","overlay-gradient":""}},"ast-content-background-meta":{"desktop":{"background-color":"var(--ast-global-color-5)","background-image":"","background-repeat":"repeat","background-position":"center center","background-size":"auto","background-attachment":"scroll","background-type":"","background-media":"","overlay-type":"","overlay-color":"","overlay-opacity":"","overlay-gradient":""},"tablet":{"background-color":"var(--ast-global-color-5)","background-image":"","background-repeat":"repeat","background-position":"center center","background-size":"auto","background-attachment":"scroll","background-type":"","background-media":"","overlay-type":"","overlay-color":"","overlay-opacity":"","overlay-gradient":""},"mobile":{"background-color":"var(--ast-global-color-5)","background-image":"","background-repeat":"repeat","background-position":"center center","background-size":"auto","background-attachment":"scroll","background-type":"","background-media":"","overlay-type":"","overlay-color":"","overlay-opacity":"","overlay-gradient":""}},"footnotes":""},"class_list":["post-1342","page","type-page","status-publish","hentry"],"uagb_featured_image_src":{"full":false,"thumbnail":false,"medium":false,"medium_large":false,"large":false,"1536x1536":false,"2048x2048":false,"woocommerce_thumbnail":false,"woocommerce_single":false,"woocommerce_gallery_thumbnail":false,"variation_swatches_image_size":false,"variation_swatches_tooltip_size":false,"dgwt-wcas-product-suggestion":false},"uagb_author_info":{"display_name":"jajb1994@hotmail.com","author_link":"https:\/\/mansmagicas.com\/?author=1"},"uagb_comment_info":0,"uagb_excerpt":"Condiciones de entrega Todos los art\u00edculos en nuestra tienda en el momento de elegir sus atributos indican la disponibilidad o no de stock. En el caso de que todos los art\u00edculos del pedido se encuentren en stock y si se ha entrado confirmado y pagado antes de las 14:00 horas haremos todo lo posible porque&hellip;","_links":{"self":[{"href":"https:\/\/mansmagicas.com\/index.php?rest_route=\/wp\/v2\/pages\/1342","targetHints":{"allow":["GET"]}}],"collection":[{"href":"https:\/\/mansmagicas.com\/index.php?rest_route=\/wp\/v2\/pages"}],"about":[{"href":"https:\/\/mansmagicas.com\/index.php?rest_route=\/wp\/v2\/types\/page"}],"author":[{"embeddable":true,"href":"https:\/\/mansmagicas.com\/index.php?rest_route=\/wp\/v2\/users\/1"}],"replies":[{"embeddable":true,"href":"https:\/\/mansmagicas.com\/index.php?rest_route=%2Fwp%2Fv2%2Fcomments&post=1342"}],"version-history":[{"count":2,"href":"https:\/\/mansmagicas.com\/index.php?rest_route=\/wp\/v2\/pages\/1342\/revisions"}],"predecessor-version":[{"id":19706,"href":"https:\/\/mansmagicas.com\/index.php?rest_route=\/wp\/v2\/pages\/1342\/revisions\/19706"}],"wp:attachment":[{"href":"https:\/\/mansmagicas.com\/index.php?rest_route=%2Fwp%2Fv2%2Fmedia&parent=1342"}],"curies":[{"name":"wp","href":"https:\/\/api.w.org\/{rel}","templated":true}]}}