{"id":1292,"date":"2020-09-16T05:16:41","date_gmt":"2020-09-16T05:16:41","guid":{"rendered":"http:\/\/mansmagicas.com\/?page_id=1292"},"modified":"2025-03-06T09:43:04","modified_gmt":"2025-03-06T09:43:04","slug":"nosotros","status":"publish","type":"page","link":"https:\/\/mansmagicas.com\/?page_id=1292","title":{"rendered":"Nosotros"},"content":{"rendered":"\n<div class=\"wp-block-cover alignfull is-light\" style=\"min-height:497px;aspect-ratio:unset;\"><span aria-hidden=\"true\" class=\"wp-block-cover__background has-background-dim\" style=\"background-color:#001d35\"><\/span><img loading=\"lazy\" decoding=\"async\" width=\"848\" height=\"411\" class=\"wp-block-cover__image-background wp-image-19171\" alt=\"\" src=\"http:\/\/mansmagicas.com\/wp-content\/uploads\/2024\/03\/prueba.jpg\" data-object-fit=\"cover\" srcset=\"https:\/\/mansmagicas.com\/wp-content\/uploads\/2024\/03\/prueba.jpg 848w, https:\/\/mansmagicas.com\/wp-content\/uploads\/2024\/03\/prueba-300x145.jpg 300w, https:\/\/mansmagicas.com\/wp-content\/uploads\/2024\/03\/prueba-768x372.jpg 768w, https:\/\/mansmagicas.com\/wp-content\/uploads\/2024\/03\/prueba-600x291.jpg 600w, https:\/\/mansmagicas.com\/wp-content\/uploads\/2024\/03\/prueba-64x31.jpg 64w\" sizes=\"auto, (max-width: 848px) 100vw, 848px\" \/><div class=\"wp-block-cover__inner-container is-layout-flow wp-block-cover-is-layout-flow\">\n<h1 class=\"wp-block-heading has-text-align-center has-ast-global-color-5-color has-text-color has-link-color wp-elements-1481603e60e5bf65e14d9a0b7cae80c9\">Nosotros<\/h1>\n<\/div><\/div>\n\n\n\n<div class=\"wp-block-group alignfull is-layout-flow wp-block-group-is-layout-flow\">\n<p><\/p>\n<\/div>\n\n\n\n<section class=\"wp-block-uagb-section uagb-section__wrap uagb-section__background-color uagb-block-8fc1e748\"><div class=\"uagb-section__overlay\"><\/div><div class=\"uagb-section__inner-wrap\">\n<div class=\"wp-block-columns is-layout-flex wp-container-core-columns-is-layout-28f84493 wp-block-columns-is-layout-flex\">\n<div class=\"wp-block-column is-layout-flow wp-block-column-is-layout-flow\">\n<div class=\"wp-block-uagb-info-box uagb-infobox__outer-wrap uagb-block-a2ae7420\"><div class=\"uagb-infobox__content-wrap uagb-infobox uagb-infobox-has-icon uagb-infobox-icon-above-title uagb-infobox-image-valign-top uagb-infobox-enable-border-radius \"><div class=\"uagb-ifb-left-right-wrap\"><div class=\"uagb-ifb-content\"><div class=\"uagb-ifb-title-wrap\"><h3 class=\"uagb-ifb-title\"> Nuestra historia<\/h3><\/div><div class=\"uagb-ifb-separator-parent\"><div class=\"uagb-ifb-separator\"><\/div><\/div><div class=\"uagb-ifb-text-wrap\"><p class=\"uagb-ifb-desc\"> \u00a1Hola! Soy&nbsp;Andrea, fundadora de&nbsp;<strong>Mans M\u00e1gicas<\/strong> <strong>abalorios<\/strong>.  Hace 23 a\u00f1os, con dos peque\u00f1os en casa y un sinf\u00edn de sue\u00f1os, empec\u00e9 a construir un lugar no solo para vender manualidades, sino para compartir y crecer junto a personas creativas como t\u00fa.<br>Criar a mis hijos mientras daba vida a este proyecto me ense\u00f1\u00f3 el verdadero significado de la resiliencia. Aprend\u00ed a adaptarme a cada nueva etapa, tanto en la vida como en los negocios. En 2012, dimos un gran paso al llevar&nbsp;Mans M\u00e1gicas&nbsp;al mundo digital, ampliando nuestro alcance y ofreciendo un cat\u00e1logo bien preparado, f\u00e1cil de entender, seguro y pr\u00e1ctico en nuestra web.<br>Pero no dejamos atr\u00e1s nuestra esencia; la tienda f\u00edsica sigue siendo el coraz\u00f3n de nuestro servicio. Aqu\u00ed puedes recoger tu mercanc\u00eda y resolver cualquier duda con un trato personal y cercano.<br>Con los a\u00f1os, hemos acumulado un tesoro de productos, algunos tan \u00fanicos que ya no se encuentran en otro lugar. Esto es gracias a la confianza y fidelidad de clientes como t\u00fa, que han hecho de&nbsp;nuestra tienda&nbsp;su elecci\u00f3n durante m\u00e1s de dos d\u00e9cadas.<br> <\/p><\/div><\/div><\/div><\/div><\/div>\n<\/div>\n\n\n\n<div class=\"wp-block-column is-layout-flow wp-block-column-is-layout-flow\">\n<figure class=\"wp-block-image size-full\"><img loading=\"lazy\" decoding=\"async\" width=\"551\" height=\"595\" src=\"http:\/\/mansmagicas.com\/wp-content\/uploads\/2024\/03\/Andy-Frente-a-la-tienda-2024-comprimida-1.jpg\" alt=\"\" class=\"wp-image-19173\" srcset=\"https:\/\/mansmagicas.com\/wp-content\/uploads\/2024\/03\/Andy-Frente-a-la-tienda-2024-comprimida-1.jpg 551w, https:\/\/mansmagicas.com\/wp-content\/uploads\/2024\/03\/Andy-Frente-a-la-tienda-2024-comprimida-1-278x300.jpg 278w, https:\/\/mansmagicas.com\/wp-content\/uploads\/2024\/03\/Andy-Frente-a-la-tienda-2024-comprimida-1-64x69.jpg 64w\" sizes=\"auto, (max-width: 551px) 100vw, 551px\" \/><\/figure>\n<\/div>\n<\/div>\n<\/div><\/section>\n\n\n\n<div style=\"height:50px\" aria-hidden=\"true\" class=\"wp-block-spacer\"><\/div>\n\n\n\n<p class=\"has-medium-font-size\"> Porqu\u00e9 <strong>Nosotros<\/strong> y no <strong>Mi historia<\/strong>? <\/p>\n\n\n\n<p class=\"has-normal-font-size\">Detr\u00e1s de&nbsp;<strong>Mans M\u00e1gicas&nbsp;<\/strong>no hay solo negocios; hay una historia de familia y apoyo mutuo. Mi compa\u00f1ero de vida, Freddy; ha sido un colaborador esencial, aportando sus conocimientos profesionales y su destreza en trabajos manuales que han sido mi punto de apoyo para el crecimiento de nuestra tienda.<br>Mi madre, que cubri\u00f3 los espacios que yo no pod\u00eda, tanto en casa como en el negocio, especialmente en los primeros tiempos. Mis hijos, Jair y Agus, son parte de este viaje desde peque\u00f1os. Jair, con paciencia y dedicaci\u00f3n, pas\u00f3 tardes enteras ayud\u00e1ndome a armar cat\u00e1logos y categor\u00edas para la web. Agus, con su carisma y habilidad para las ventas, refrescaba mis ganas cada vez que ven\u00eda y ahora me asiste en la selecci\u00f3n de materiales.<\/p>\n\n\n\n<p class=\"has-normal-font-size\"><br>Por eso,&nbsp;Mans M\u00e1gicas&nbsp;no es solo una tienda unipersonal, es un proyecto familiar. Cada uno de nosotros ha aportado su granito de arena para construir lo que hoy ofrecemos: un cat\u00e1logo bien preparado, f\u00e1cil de entender, seguro y pr\u00e1ctico, y una tienda f\u00edsica que sigue siendo un punto de encuentro para resolver dudas y recoger mercanc\u00eda .Gracias por ser parte de esta aventura, por crecer con nosotros y Gracias por seguir ah\u00ed en esta aventura digital y por permitirnos ser vuestro aliado creativo!      <\/p>\n\n\n\n<p class=\"has-normal-font-size\">Sabemos que a veces la tecnolog\u00eda puede parecer un laberinto, pero no os preocup\u00e9is, estamos aqu\u00ed para guiaros. La web es solo una extensi\u00f3n de nuestra tienda, un puente hacia vosotros, y aunque a veces se resista,&nbsp;nuestro compromiso personal con cada uno de vosotros no cambia.<\/p>\n\n\n\n<div style=\"height:64px\" aria-hidden=\"true\" class=\"wp-block-spacer\"><\/div>\n","protected":false},"excerpt":{"rendered":"<p>Porqu\u00e9 Nosotros y no Mi historia? Detr\u00e1s de&nbsp;Mans M\u00e1gicas&nbsp;no hay solo negocios; hay una historia de familia y apoyo mutuo. Mi compa\u00f1ero de vida, Freddy; ha sido un colaborador esencial, aportando sus conocimientos profesionales y su destreza en trabajos manuales que han sido mi punto de apoyo para el crecimiento de nuestra tienda.Mi madre, que [&hellip;]<\/p>\n","protected":false},"author":1,"featured_media":19171,"parent":0,"menu_order":0,"comment_status":"closed","ping_status":"closed","template":"","meta":{"_uag_custom_page_level_css":"","site-sidebar-layout":"no-sidebar","site-content-layout":"plain-container","ast-site-content-layout":"normal-width-container","site-content-style":"unboxed","site-sidebar-style":"unboxed","ast-global-header-display":"","ast-banner-title-visibility":"","ast-main-header-display":"","ast-hfb-above-header-display":"","ast-hfb-below-header-display":"","ast-hfb-mobile-header-display":"","site-post-title":"disabled","ast-breadcrumbs-content":"","ast-featured-img":"","footer-sml-layout":"","ast-disable-related-posts":"","theme-transparent-header-meta":"disabled","adv-header-id-meta":"","stick-header-meta":"","header-above-stick-meta":"","header-main-stick-meta":"","header-below-stick-meta":"","astra-migrate-meta-layouts":"set","ast-page-background-enabled":"default","ast-page-background-meta":{"desktop":{"background-color":"","background-image":"","background-repeat":"repeat","background-position":"center center","background-size":"auto","background-attachment":"scroll","background-type":"","background-media":"","overlay-type":"","overlay-color":"","overlay-opacity":"","overlay-gradient":""},"tablet":{"background-color":"","background-image":"","background-repeat":"repeat","background-position":"center center","background-size":"auto","background-attachment":"scroll","background-type":"","background-media":"","overlay-type":"","overlay-color":"","overlay-opacity":"","overlay-gradient":""},"mobile":{"background-color":"","background-image":"","background-repeat":"repeat","background-position":"center center","background-size":"auto","background-attachment":"scroll","background-type":"","background-media":"","overlay-type":"","overlay-color":"","overlay-opacity":"","overlay-gradient":""}},"ast-content-background-meta":{"desktop":{"background-color":"var(--ast-global-color-5)","background-image":"","background-repeat":"repeat","background-position":"center center","background-size":"auto","background-attachment":"scroll","background-type":"","background-media":"","overlay-type":"","overlay-color":"","overlay-opacity":"","overlay-gradient":""},"tablet":{"background-color":"var(--ast-global-color-5)","background-image":"","background-repeat":"repeat","background-position":"center center","background-size":"auto","background-attachment":"scroll","background-type":"","background-media":"","overlay-type":"","overlay-color":"","overlay-opacity":"","overlay-gradient":""},"mobile":{"background-color":"var(--ast-global-color-5)","background-image":"","background-repeat":"repeat","background-position":"center center","background-size":"auto","background-attachment":"scroll","background-type":"","background-media":"","overlay-type":"","overlay-color":"","overlay-opacity":"","overlay-gradient":""}},"footnotes":""},"class_list":["post-1292","page","type-page","status-publish","has-post-thumbnail","hentry"],"uagb_featured_image_src":{"full":["https:\/\/mansmagicas.com\/wp-content\/uploads\/2024\/03\/prueba.jpg",848,411,false],"thumbnail":["https:\/\/mansmagicas.com\/wp-content\/uploads\/2024\/03\/prueba-150x150.jpg",150,150,true],"medium":["https:\/\/mansmagicas.com\/wp-content\/uploads\/2024\/03\/prueba-300x145.jpg",300,145,true],"medium_large":["https:\/\/mansmagicas.com\/wp-content\/uploads\/2024\/03\/prueba-768x372.jpg",768,372,true],"large":["https:\/\/mansmagicas.com\/wp-content\/uploads\/2024\/03\/prueba.jpg",848,411,false],"1536x1536":["https:\/\/mansmagicas.com\/wp-content\/uploads\/2024\/03\/prueba.jpg",848,411,false],"2048x2048":["https:\/\/mansmagicas.com\/wp-content\/uploads\/2024\/03\/prueba.jpg",848,411,false],"woocommerce_thumbnail":["https:\/\/mansmagicas.com\/wp-content\/uploads\/2024\/03\/prueba-300x300.jpg",300,300,true],"woocommerce_single":["https:\/\/mansmagicas.com\/wp-content\/uploads\/2024\/03\/prueba-600x291.jpg",600,291,true],"woocommerce_gallery_thumbnail":["https:\/\/mansmagicas.com\/wp-content\/uploads\/2024\/03\/prueba-100x100.jpg",100,100,true],"variation_swatches_image_size":["https:\/\/mansmagicas.com\/wp-content\/uploads\/2024\/03\/prueba.jpg",50,24,false],"variation_swatches_tooltip_size":["https:\/\/mansmagicas.com\/wp-content\/uploads\/2024\/03\/prueba.jpg",100,48,false],"dgwt-wcas-product-suggestion":["https:\/\/mansmagicas.com\/wp-content\/uploads\/2024\/03\/prueba-64x31.jpg",64,31,true]},"uagb_author_info":{"display_name":"jajb1994@hotmail.com","author_link":"https:\/\/mansmagicas.com\/?author=1"},"uagb_comment_info":0,"uagb_excerpt":"Porqu\u00e9 Nosotros y no Mi historia? Detr\u00e1s de&nbsp;Mans M\u00e1gicas&nbsp;no hay solo negocios; hay una historia de familia y apoyo mutuo. Mi compa\u00f1ero de vida, Freddy; ha sido un colaborador esencial, aportando sus conocimientos profesionales y su destreza en trabajos manuales que han sido mi punto de apoyo para el crecimiento de nuestra tienda.Mi madre, que&hellip;","_links":{"self":[{"href":"https:\/\/mansmagicas.com\/index.php?rest_route=\/wp\/v2\/pages\/1292","targetHints":{"allow":["GET"]}}],"collection":[{"href":"https:\/\/mansmagicas.com\/index.php?rest_route=\/wp\/v2\/pages"}],"about":[{"href":"https:\/\/mansmagicas.com\/index.php?rest_route=\/wp\/v2\/types\/page"}],"author":[{"embeddable":true,"href":"https:\/\/mansmagicas.com\/index.php?rest_route=\/wp\/v2\/users\/1"}],"replies":[{"embeddable":true,"href":"https:\/\/mansmagicas.com\/index.php?rest_route=%2Fwp%2Fv2%2Fcomments&post=1292"}],"version-history":[{"count":12,"href":"https:\/\/mansmagicas.com\/index.php?rest_route=\/wp\/v2\/pages\/1292\/revisions"}],"predecessor-version":[{"id":19698,"href":"https:\/\/mansmagicas.com\/index.php?rest_route=\/wp\/v2\/pages\/1292\/revisions\/19698"}],"wp:featuredmedia":[{"embeddable":true,"href":"https:\/\/mansmagicas.com\/index.php?rest_route=\/wp\/v2\/media\/19171"}],"wp:attachment":[{"href":"https:\/\/mansmagicas.com\/index.php?rest_route=%2Fwp%2Fv2%2Fmedia&parent=1292"}],"curies":[{"name":"wp","href":"https:\/\/api.w.org\/{rel}","templated":true}]}}